{"id":13361,"date":"2020-05-01T22:00:15","date_gmt":"2020-05-01T22:00:15","guid":{"rendered":"https:\/\/violetaobst.at\/?post_type=product&#038;p=13361"},"modified":"2021-01-17T17:24:53","modified_gmt":"2021-01-17T17:24:53","slug":"mais-kukuruz-2-stk-vorgegart","status":"publish","type":"product","link":"https:\/\/violetaobst.at\/?product=mais-kukuruz-2-stk-vorgegart","title":{"rendered":"Mais &#8211; Kukuruz 2 Stk. Vorgegart"},"content":{"rendered":"<p>Mais, in Teilen \u00d6sterreichs und Altbayerns auch Kukuruz genannt, ist eine Pflanzenart innerhalb der Familie der S\u00fc\u00dfgr\u00e4ser. Das Getreide stammt urspr\u00fcnglich aus Mexiko und ist eine einh\u00e4usig getrenntgeschlechtige C\u2084-Pflanze. Wirtschaftlich bedeutend ist die Unterart Zea mays subsp. mays.<\/p>\n","protected":false},"excerpt":{"rendered":"<p>Derzeit nur auf Anfrage lieferbar!<\/p>\n<p>Mais, in Teilen \u00d6sterreichs und Altbayerns auch Kukuruz genannt, ist eine Pflanzenart innerhalb der Familie der S\u00fc\u00dfgr\u00e4ser.<\/p>\n","protected":false},"featured_media":13362,"template":"","meta":[],"product_brand":[],"product_cat":[122],"product_tag":[],"class_list":{"0":"post-13361","1":"product","2":"type-product","3":"status-publish","4":"has-post-thumbnail","6":"product_cat-gemuese-2","8":"first","9":"instock","10":"taxable","11":"shipping-taxable","12":"purchasable","13":"product-type-simple"},"_links":{"self":[{"href":"https:\/\/violetaobst.at\/index.php?rest_route=\/wp\/v2\/product\/13361","targetHints":{"allow":["GET"]}}],"collection":[{"href":"https:\/\/violetaobst.at\/index.php?rest_route=\/wp\/v2\/product"}],"about":[{"href":"https:\/\/violetaobst.at\/index.php?rest_route=\/wp\/v2\/types\/product"}],"wp:featuredmedia":[{"embeddable":true,"href":"https:\/\/violetaobst.at\/index.php?rest_route=\/wp\/v2\/media\/13362"}],"wp:attachment":[{"href":"https:\/\/violetaobst.at\/index.php?rest_route=%2Fwp%2Fv2%2Fmedia&parent=13361"}],"wp:term":[{"taxonomy":"product_brand","embeddable":true,"href":"https:\/\/violetaobst.at\/index.php?rest_route=%2Fwp%2Fv2%2Fproduct_brand&post=13361"},{"taxonomy":"product_cat","embeddable":true,"href":"https:\/\/violetaobst.at\/index.php?rest_route=%2Fwp%2Fv2%2Fproduct_cat&post=13361"},{"taxonomy":"product_tag","embeddable":true,"href":"https:\/\/violetaobst.at\/index.php?rest_route=%2Fwp%2Fv2%2Fproduct_tag&post=13361"}],"curies":[{"name":"wp","href":"https:\/\/api.w.org\/{rel}","templated":true}]}}